*j - 480 = 512*j. Suppose -183*a + j = -177*a. Calculate the greatest common factor of 10 and a.
10
Let y = 4 - -28. Suppose -2*s - 4*o = -2376, -4*s + 2789 = 4*o - 1955. Calculate the greatest common factor of y and s.
32
Let g(l) = l**3 + 2 - 4*l**2 + 3*l**3 + 2*l + 0*l**3 - 2*l**3. Let d be g(2). Let i be 6/(-2) - (-108)/d. What is the greatest common divisor of 15 and i?
15
Let p be (0 - -2)*(-2 + 6). Suppose -8*m = -8 - p. Suppose u + s = -0*u + 11, -2*u + 18 = -m*s. Calculate the highest common divisor of 1 and u.
1
Let m = -1148 + 1166. Let r(g) = g**2 + g + 2. Let k be r(-2). Suppose -3*l - 1 = 4*x - k, 3*l - x = m. Calculate the highest common divisor of 10 and l.
5
Suppose 0*g = 3*g - 2*y - 54, -g + 18 = 4*y. Suppose b - 2*c = g, 0 = -b + c + 14 + 6. Calculate the greatest common factor of 66 and b.
22
Let x = 158 - 107. Suppose -2565 = -3*q + 4*o, -3*q + o + 2559 = -33. What is the highest common divisor of x and q?
51
Suppose -17*b + 2695 = 32*b. Calculate the highest common divisor of b and 5335.
55
Let x(b) be the third derivative of b**5/30 + 5*b**4/8 + 3*b**3/2 + 2*b**2 - 66*b. Let t be x(-8). Calculate the greatest common factor of t and 629.
17
Suppose 3*f - 98 + 35 = 3*m, 5*f - 3*m - 115 = 0. Let b(q) = -48*q + f + 47*q + 12. Let n be b(4). Calculate the highest common factor of 17 and n.
17
Let v = 1390 - 1349. Calculate the highest common divisor of v and 19.
1
Let v(x) = -x - 2. Let g be v(-5). Let p be 2*(-4 + g + 2). Let t be p - 8/(-4)*109. Calculate the greatest common factor of 20 and t.
20
Let l(a) = 14*a**3 - 17*a**2 + 113*a - 28. Let j be l(4). Calculate the highest common divisor of 64 and j.
8
Let y(g) = 9*g + 74. Let t be y(-8). Let m be t/12 + 40/(-144)*-921. Calculate the greatest common divisor of m and 32.
32
Let m = 13260 + -13125. Calculate the greatest common divisor of 205 and m.
5
Let y be 13/2 - (-4)/(-8)*1. Suppose -y*w = 3*m - 2*w + 1445, -3*m - w = 1430. Let i be (-1)/(m/(-120) + -4). Calculate the highest common divisor of 120 and i.
24
Let o = 393 + -65. Let a = o + -580. Let i be 1 + a/(-4) + -1. Calculate the highest common divisor of 9 and i.
9
Suppose 597*i - 21434 - 23895 = 33475. Suppose -h - 4*h + 220 = 0. What is the greatest common factor of h and i?
44
Let a be ((-4)/10)/((-1)/60). Let h be 2/(a/(-44))*-15. Suppose -5*t - 5*i + 115 = 0, 0 = 5*t - i - 58 - 51. Calculate the greatest common divisor of t and h.
11
Let a = 4 + 4. Let r = a - -14. Let x = r + -12. What is the highest common divisor of x and 70?
10
Suppose 2*o + 164 = 3*z, 4*o + 4 = 3*o. Let h = -580 + 788. Calculate the greatest common divisor of z and h.
52
Let b = -436 - -813. What is the highest common divisor of 26 and b?
13
Let h(w) = -804*w + 4864. Let b be h(6). Let k = -27 + 57. What is the highest common divisor of k and b?
10
Let j be (18/8)/(210/2240). What is the highest common factor of 1528 and j?
8
Suppose -43 - 1986 = -6*k + 1121. What is the greatest common divisor of k and 750?
75
Let u = -11845 + 11978. Let r = -10 - -5. Let k = 12 + r. Calculate the highest common factor of k and u.
7
Suppose -267*p + 2 = -266*p. Let v(x) = 27*x**2 + 8. Let c be v(p). What is the highest common factor of 4 and c?
4
Let s(a) = -a + 12. Let c be s(8). Suppose -c*f = -7*f + 216. Suppose 65*t = 56*t + 162. What is the highest common divisor of t and f?
18
Suppose 22 = 2*h + 12. Suppose h*g = 4*g + 48. Suppose -g = -3*n - 4*y + 54, 0 = -2*n + 2*y + 54. Calculate the highest common factor of n and 10.
10
Suppose j + 2*j - 225 = 0. Let w(k) = 4*k**3 - 11*k**2 - 2*k - 21. Let h be w(4). Let o = j - h. What is the greatest common divisor of 8 and o?
8
Let j(l) = 3 - l**3 + 1 + 12*l**2 - 9*l**2 - l**2. Let m be j(0). Suppose -m*d + 177 = -571. Calculate the greatest common factor of d and 11.
11
Let h(t) = 2*t - 2. Let s be h(2). Let j(y) = -y + 39. Let u be j(-7). Calculate the greatest common divisor of u and s.
2
Let a be 4/(-54) + 79464/1134. Suppose 2*o - 50 - 45 = -3*r, 5*r - 150 = -5*o. Calculate the highest common divisor of r and a.
35
Let a = -338 + 342. Suppose 5*j + 1 + 4 = 2*n, -6*n + 48 = -a*j. Calculate the greatest common factor of 5 and n.
5
Suppose 2*s = p - 474 - 200, 2731 = 4*p - s. What is the greatest common factor of p and 144?
36
Let d = 21 - 15. Suppose 3*p = o + 35, -2*p - 107 = d*o - o. Let g = 31 + o. Calculate the highest common factor of g and 32.
8
Suppose 283935 = 336*i - 574881. Calculate the highest common factor of i and 2059.
71
Let f(g) = g**2 - 77*g + 332. Let i be f(79). What is the greatest common factor of 10 and i?
10
Let i be 3*2 - (-10)/5. Let m(w) = -12*w - 41. Let y be m(i). Let g = y + 145. Calculate the highest common divisor of g and 6.
2
Suppose 7971 = 39*a + 914 - 1718. What is the highest common divisor of a and 1525?
25
Suppose 5*k - 30 = 0, 20*x - 3*k = 15*x + 68247. Calculate the greatest common factor of x and 369.
369
Let g(u) = u**3 - u**2 - 2*u + 5. Let j be g(3). Calculate the greatest common factor of j and 2771.
17
Let c(x) = -x**3 - 8*x**2 - 33*x - 70. Let b be c(-5). Calculate the highest common factor of 970 and b.
10
Let f = -7186 - -7509. What is the highest common divisor of f and 102?
17
Let h(u) = -15*u - 8. Let q = 89 - 90. Let c be h(q). Let d = 18 - c. What is the greatest common factor of 11 and d?
11
Let j = 18179 - 12745. Calculate the highest common divisor of 114 and j.
38
Suppose 6 = i - 4*n + 1, 5*i - 3*n - 25 = 0. Let j be (40/(-6))/(52/(-156)). Suppose j = 95*l - 91*l. What is the greatest common divisor of l and i?
5
Let g(t) = -18*t**3 - t**2 - t + 1. Let o be g(-2). Suppose 0 = 11*x + 13 - 68. Suppose -x*l + 61 = -4. Calculate the greatest common divisor of o and l.
13
Suppose 17 = -4*h + 49. Let a(x) = 2*x**2 - 18*x + 20. Let r be a(h). Let j be (-1)/(1/(-2))*r. Calculate the highest common divisor of j and 8.
8
Suppose -7*j + 21 - 14 = 0. Suppose -j = -g + 4*q + 4, -5*g - 5*q + 100 = 0. What is the highest common divisor of g and 68?
17
Let o be 6/(-4)*((-280)/(-24) - 9). Let r be (0/3 - -4) + o - -130. What is the highest common factor of r and 26?
26
Suppose -64 - 26 = -3*k + 2*a, 59 = 2*k - a. Calculate the highest common factor of 1344 and k.
28
Suppose -1042*x + 998*x = -132. What is the highest common divisor of 1671 and x?
3
Suppose 8*a - 2892 = 2284. Suppose 759 = 19*s - a. Suppose -2*l - 3*j + 77 = 0, -3*j = 3*l - 96 - 18. Calculate the greatest common factor of l and s.
37
Let r = 3366 - 3332. What is the greatest common factor of 3162 and r?
34
Let x(n) = -n**3 + 11*n**2 + 19*n - 151. Let w be x(11). What is the highest common factor of w and 3712?
58
Let o = 343 + -340. Let v be 14 + (o - (8 - (-3 - -4))). What is the greatest common divisor of 310 and v?
10
Suppose 1060 = 48*w - 44*w. What is the greatest common factor of 742 and w?
53
Let k be 90/2 - ((-19)/(-19))/(-2 - -3). What is the greatest common factor of k and 304?
4
Suppose -2*q - 20 = -4*q. Let p be (-9)/(-6) - 0 - (-435)/q. Let n(y) = -y**2 + 10*y - 3. Let k be n(7). Calculate the greatest common divisor of p and k.
9
Suppose 48*h - 53*h + 100 = 4*s, 3*h - 60 = -4*s. What is the highest common factor of 1340 and h?
20
Let q be ((-85)/(-51))/(20/444). What is the highest common factor of 2183 and q?
37
Let j be 102/(-255) + (1218/(-10))/3. Let f = -17 - j. Calculate the highest common divisor of f and 360.
24
Let n = 173 + -108. Suppose 0 = 4*v, -3*v = 5*g - 4*v - 10. Suppose r = 3*l - 77, g*r + 7 = l - 17. What is the highest common divisor of n and l?
13
Let j be 12/18 + 920/6. Suppose -11*k - 13*k + 506 = -k. What is the highest common factor of j and k?
22
Let t be 2 + 41 + -5 + 160/16. Calculate the highest common divisor of t and 976.
16
Let z(s) = 3*s**2 - 2 + s + 0 + 0. Let m be z(1). Suppose -5*y = m*l + 5 - 1, 0 = -4*l - 2*y + 8. What is the highest common factor of l and 21?
3
Suppose -p = f + 290, -p + 4*p = -4*f - 875. Let v be 84/30 - 2/(-10). Let j be (p/(-2))/v*4. What is the highest common factor of j and 19?
19
Suppose 2788*b + 9503 = 2831*b. Calculate the highest common divisor of 493 and b.
17
Let c(b) = 127*b**3 + 4*b**2 - b - 2. Let n be c(1). Suppose -n = -3*t - 5. Calculate the greatest common divisor of t and 328.
41
Let m(x) = x**2 + 2*x - 1.